
False
Let z be (-3)/(-4) - ((-6)/(-8) + -2). Suppose z*k + 508 = 6*k. Is k prime?
True
Let b = -13696 - -22115. Is b a prime number?
True
Let x(d) = d**2 + 3*d + 24. Let b be x(0). Let j(o) = -15*o + 7*o**2 + 11 + b*o - 4. Is j(7) prime?
False
Let m be ((-8)/1)/((-10)/1535*-1). Is m/6*(-3 - (-6)/4) prime?
True
Let z be 1/(-1) - 3 - -11. Suppose 0 = -z*y + 979 - 62. Is y a prime number?
True
Is 1/(-2) + 114947/14 + -1 a composite number?
False
Is (2 - 1)/((-1)/4927*-13) composite?
False
Is -9*(-8 + (-4217)/3) a composite number?
True
Suppose 0 = -3*r + 1883 + 1570. Is r a prime number?
True
Suppose -5*g + 5*f = 1820, -5*g - 2*f = -g + 1480. Let d = g + 954. Is d a prime number?
False
Suppose 18 = -o + 5*c, -o = -0*c + 3*c - 14. Suppose -o*x = -7*x + 1285. Is x a prime number?
True
Suppose 42 - 44 = -g. Suppose -2*u = g*m - 1348, 3382 = 5*m + 4*u - 3*u. Is m composite?
False
Suppose -10*y + 44 = -6*y. Let t = y + -9. Suppose 3*i = 4*l + 2757, -t*i + 5*l - 4595 = -7*i. Is i a prime number?
True
Let c(i) = 449*i. Let l be (-49)/(-42) + 1/(-6). Is c(l) composite?
False
Let r = -4 + 16. Let y(t) = 9*t**2 + 17*t. Let g be y(r). Is 0 + -1 - g/(-6) a composite number?
True
Suppose -2*j = l - 4, 0*j + 4*j + 5*l = -4. Suppose j*w - 761 = -5*b, -9 = 2*b - w - 303. Is b composite?
False
Let u(n) = -36*n - 19. Let c be u(-8). Let m = 756 - c. Suppose -3 + m = 4*j. Is j a prime number?
False
Let u be (3 + 1)/((-20)/(-15)). Let p(i) = -3 + u*i + 10*i - 72*i. Is p(-4) a prime number?
True
Let b(j) = -18*j - 1. Let v(o) = 36*o + 2. Let h(n) = 9*b(n) + 4*v(n). Suppose 3*t - 3*q = q - 23, t = q - 8. Is h(t) a composite number?
True
Suppose 3*t - 7*t = 8. Is t - ((2 - 1) + -130) a prime number?
True
Is (-31969)/(-21) - (-2)/3 prime?
True
Suppose -13664 = 4*h - 5*u - 41878, 0 = -3*h - 2*u + 21149. Is h prime?
False
Let s(l) = 728*l**2 - 19*l - 59. Is s(-4) composite?
True
Let o = 34 - 29. Suppose -4*n - 1675 = 3*j - 6*j, -n = o*j - 2784. Is j a composite number?
False
Let p be (-2 - 2)/4*-1 + -3. Is p/(-5) - (3903/(-5) - 0) a composite number?
True
Let y(d) = d**3 - 9*d**2 + 7. Let a be y(9). Suppose -4 + a = 3*n. Is 3 - (0 - 83/n) composite?
True
Suppose -f = 4*f - 90. Is f/99 - 3617/(-11) a composite number?
True
Suppose 2*i + 7086 = 4*u, 0*u - 3*u + 5302 = -4*i. Suppose k + 5*f = u, f + 2*f - 8804 = -5*k. Is k a composite number?
False
Let r(x) = 8*x**3 - x**2 + x + 2. Let f be r(-3). Let v = 273 - f. Is v prime?
True
Let a(r) = 3*r - 28. Let j be a(8). Is -422*(3/(-15))/(j/(-10)) composite?
False
Suppose -7 = v - 4*j - 1, 5*v - 16 = -3*j. Suppose v*c + 9 = 19. Suppose c*b + 134 = 1599. Is b prime?
True
Suppose 10 = -2*x, -3*p = 2*x + 3 - 2. Suppose b + p = 17. Suppose -29 = -5*t + 3*l, -4*t + 11 = -3*l - b. Is t prime?
False
Suppose 2*q - 193 = 7417. Is q composite?
True
Suppose -5*v + 24 = -v. Suppose v*d - 11*d = -1975. Is d a composite number?
True
Suppose 2*q + 2*z - 3678 = 0, 3*q + 2*z - 5519 = -3*z. Let l = q + -959. Is l composite?
True
Suppose -q = 5*q - 13410. Let i = q - 1548. Is i prime?
False
Suppose -5*f = -10*f + z + 124, -4*f + 3*z = -108. Suppose 0 = i - 13 - f. Is i prime?
True
Suppose -1530 - 1837 = -r - 4*h, 5*r - 16803 = -4*h. Is r prime?
True
Let k(d) = -2*d + 117. Is k(14) prime?
True
Let l be -2 - (-4)/(-16)*0. Is l/(-15) - 167342/(-210) prime?
True
Suppose n + 4 = 10. Suppose 0 = -z + 2*g - 1, 2*g + 5 = -z + n*g. Suppose 0 = k + z - 17. Is k prime?
False
Let n = -54 - -96. Suppose 5*g = -3*k + 226 - 44, -2*k + n = g. Is g a composite number?
True
Suppose -5*m + 22 = 2. Suppose -b + 21 - 7 = 4*c, 0 = b - m*c - 14. Is b composite?
True
Let y(b) = -8*b + 18. Let l be y(2). Is (-128)/(-1) + 0 + 6/l prime?
True
Suppose 0 = a - 4 + 2. Suppose 0*g + a*g = 2522. Is g composite?
True
Let g = 1383 + -568. Is g prime?
False
Let f(w) = -w**2 - 4*w. Let t be f(-4). Suppose -5*d + 6*d - 3 = t. Suppose 3*m + d*u - 1205 = 67, -4*u = -2*m + 818. Is m a composite number?
False
Suppose 30*d - 27*d - 2463 = 0. Let r = -556 + d. Is r a prime number?
False
Is 26/(-91) + (-85329)/(-21) a composite number?
True
Suppose -2*x + 5*r + 7 = 0, -2*x = 2*x - 4*r - 8. Is (4598/44)/(x/2) a prime number?
False
Let l = 3374 - -2765. Is l prime?
False
Suppose 2*p - 5*t + 345 = 0, -2*t - 878 = 5*p + t. Let h = p + 293. Is h composite?
True
Let x be (12 + -6)/(2 + 0). Let s be 136 + (x + -5 - -5). Let d = 20 + s. Is d composite?
True
Is (0 - -178) + 12*7/28 composite?
False
Let j(w) = w**3 + 9*w**2 + 4*w - 32. Let h be j(-8). Suppose 5*z + 0*z - 5585 = h. Is z prime?
True
Let j = 6041 - -15002. Is j a prime number?
False
Let r = -15579 - -26592. Is r prime?
False
Suppose -4*u - u - 1305 = 0. Let h = -28 + 21. Is u/h + 6/(-21) prime?
True
Let y = -102 + 62. Is (8464/y)/(-2) - 1/(-5) a composite number?
True
Suppose 9 = -3*u + 4*u. Suppose -a + 0 = -u. Let n = a + 28. Is n a composite number?
False
Is (1 - -1) + (0 - 4) - -4129 composite?
False
Suppose 2*c - 4*f - 12 = -6*f, 23 = 5*c - 2*f. Let w = c - -37. Suppose -w = -5*p + 123. Is p a prime number?
False
Suppose -3*u + 32 = 4*l - 349, -4*l = 2*u - 382. Let m = l + 73. Is m composite?
True
Let i = -325 + 438. Let t = -644 - -968. Let w = t - i. Is w composite?
False
Let y(d) = 101*d + 419. Is y(39) a prime number?
False
Let f = -4 - -6. Is -4 + 0 + 390/f a prime number?
True
Let w(j) = j**3 + j**2 - j + 1502. Let k be w(0). Suppose -c + k = -5*t, -2*c + 3040 = t + t. Is c composite?
True
Suppose -4*k = -9 - 7. Suppose k*m - 3*m = 587. Is m a prime number?
True
Let q(d) = -d**2 + 5*d. Let s be q(5). Let i be ((-56)/(-12) - 2)*942/8. Suppose s = c + c - i. Is c composite?
False
Let l = 2540 - -6587. Is l a prime number?
True
Let q(a) = -a**2 + 13*a + 16. Let j be q(14). Suppose -2*c + x + j*x = -403, -3*c = -3*x - 597. Is c a composite number?
True
Let j(k) = 10*k + 77. Is j(18) prime?
True
Suppose -2*m + 4*l + 30 = 2*l, 0 = 2*m + 4*l - 36. Let g = 39 - m. Is g prime?
True
Let w(z) = -z**2 + 516. Let p be w(0). Let s = 814 - p. Is s a composite number?
True
Let c(r) = -r + 9. Let l be c(-6). Let m = l - 11. Let z(u) = 117*u - 1. Is z(m) a prime number?
True
Is 1469*(2/(-12))/(6/(-36)) prime?
False
Let p = 1206 + 391. Is p a prime number?
True
Let w = -472 - -863. Is w composite?
True
Let l = 256 - -219. Suppose -4*c = -57 - l. Is c a prime number?
False
Suppose 5*k - 52203 - 44642 = 0. Is k prime?
False
Let d be (-18)/(-3*1/14). Let f = 25 + d. Is f a composite number?
False
Let o(d) = -1080*d - 341. Is o(-24) a prime number?
True
Let f = 6283 - 4287. Suppose -f - 441 = -w. Is w composite?
False
Is -1 + -3 + 1 - 17*-1730 a prime number?
False
Suppose 0*s = 4*s - 388. Suppose 4*v + 4*d = s + 1235, -1326 = -4*v - d. Is v a prime number?
True
Suppose z + 0*z - 7269 = 0. Let s = 14222 - z. Is s a prime number?
False
Is 9507/5 + -7 + 132/20 a composite number?
False
Let t = 1694 - 209. Suppose 0*p + 5*p = 4*v + t, 3*p - 2*v = 889. Is p a composite number?
False
Let l be 2*4*(27/(-6) + 5). Suppose 0 = -l*m - 10 + 2, 5*m - 748 = -2*f. Is f a prime number?
True
Suppose -u = 3*f - 4370, -u = f - 1005 - 3375. Suppose -5*w - 5*o + u = 0, 0 = -6*w + 2*w + 3*o + 3508. Is w a composite number?
False
Let c = 14 - 15. Is -5 + 4 - (c - 2049) composite?
True
Is (-1)/((-72)/16) + 12711/27 prime?
False
Let y be ((-12)/(-1))/(5 + -6). Let l(k) = k**3 + 12*k**2 - 18*k - 5. Is l(y) a prime number?
True
Let x(j) = 730*j - 213. Is x(17) a prime number?
True
Suppose -39 = -g - 31. Suppose -g*h - h = -6444. Suppose -v + 174 = j, 4*v - h = 4*j - 60. Is v prime?
False
Let n = -2332 + 5259. Is n a prime number?
True
Suppose 95161 = -117*a + 128*a. Is a a composite number?
True
Let h(b) = 448*b**2 + b + 49. Is h(6) a composite number?
False
Suppose -10 = a + 4*o - 2*o, -3*a + 2*o = 14. Is (-1)/(-2)*(-10884)/a prime?
True
Let m be ((-2)/(-4))/(14/(-168)). Let t = -15 - m. Is ((-618)/t + -4)*3 a composite number?
True
Suppose 5*s - 4670 = -u, -5*u + s + 14129 = -9273. Suppose -11*i + 6287 = -u. Is i a composite number?
False
Let q(c) = c + 14. Let b be q(-8). Let o(x) = -x + 8. Let y be o(b). Let z(f) = 2*f**3 - 4*f + 3. Is z(y) a composite number?
False
Suppose 3*m + 4*l = 8, -4*m = -4*l - 14 - 6. Let d = 5 - 4. Is (d/(-2))/(m/(-616)) composite?
True
